{"id":275,"date":"2017-03-03T12:08:37","date_gmt":"2017-03-03T12:08:37","guid":{"rendered":"https:\/\/k3kbiz.wordpress.com\/?page_id=275"},"modified":"2022-12-20T11:50:27","modified_gmt":"2022-12-20T10:50:27","slug":"mampara-primacy","status":"publish","type":"page","link":"https:\/\/k3k.biz\/index.php\/mampara-primacy\/","title":{"rendered":"Mampara Primacy"},"content":{"rendered":"<p>A trav\u00e9s de la <span style=\"color: #993366;\"><strong>Mampara Divisoria PRIMACY<\/strong><\/span>, con perfiler\u00eda\u00a0 oculta, fabricada en aluminio y acero, con paneles o vidrio, conseguimos una distribuci\u00f3n inteligente de los espacios de trabajo. Las mamparas divisorias habilitan tanto zonas de que requieren privacidad como zonas que pueden ser trasparentes, logrando as\u00ed un incremento de la funcionalidad y una personalizaci\u00f3n est\u00e9tica del ambiente a trav\u00e9s de la elecci\u00f3n y combinaci\u00f3n de los distintos acabados. Nuestros sistemas de compartimentaci\u00f3n tambi\u00e9n poseen otras grandes ventajas como la reutilizaci\u00f3n. Usted podr\u00e1 redistribuir de nuevo su espacio en cualquier momento aprovechando los m\u00f3dulos usados. O tambi\u00e9n se pueden desmontar e instalarlas en otro lugar.<\/p>\n<p>El sistema <strong>PRIMACY<\/strong> es vers\u00e1til y conjuga robustez (gracias a la estructura interior de doble acero de 75 mm) con elegancia y permite la configuraci\u00f3n de espacios \u00edntimos\u00a0 con zonas m\u00e1s visuales, mimetizando las puertas que quedan ocultas en los muros.<\/p>\n<p>Los marcos de las puertas quedan ocultos (en el caso de particiones ciegas) o vistos (en el caso de vidrio).<\/p>\n<p>Los perfiles estructurales desaparecen de la visi\u00f3n del muro, manteniendo una elegancia de l\u00edneas con juntas de 3 mm de espesor.<\/p>\n<p>La gama de acabados es muy amplia pudiendo instalar todo tipo de paneles decorativos en diferentes materiales y terminaciones, personalizando los espacios.<\/p>\n<p>La partici\u00f3n <strong>PRIMACY<\/strong> permite la integraci\u00f3n visual completa de las zonas de trabajo, aportando una atenuaci\u00f3n ac\u00fastica entre salas de hasta RW 50 dB, con la utilizaci\u00f3n de dos vidrios laminares de seguridad desde 3+3 hasta 8+8 mm.<\/p>\n<p>Las juntas conseguidas con perfiles de policarbonato trasparente aseguran un perfecto sellado entre vidrios.<\/p>\n<p>Las puertas, a conjunto con la instalaci\u00f3n, trasparentes, enrasadas a las dos caras del tabique.<\/p>\n<p><strong><span style=\"color: #993366;\">ESPESOR:<\/span>\u00a0 \u00a0 \u00a0 \u00a0 \u00a0 \u00a0 \u00a0 \u00a0 \u00a0 \u00a0 \u00a0 \u00a0 \u00a0<\/strong>113 MM<\/p>\n<p><strong><span style=\"color: #993366;\">AISLAMIENTO:<\/span>\u00a0 \u00a0 \u00a0 \u00a0 \u00a0 \u00a0 \u00a0 \u00a0\u00a0<\/strong>50 Db<\/p>\n<p><strong><span style=\"color: #993366;\">POSIBILIDADES:<\/span>\u00a0 \u00a0 \u00a0 \u00a0 \u00a0 \u00a0\u00a0<\/strong>Ciego, cristal, mixto. Tabiques Armario<\/p>\n<p><strong><span style=\"color: #993366;\">SOPORTE\u00a0 INTERIOR:<\/span>\u00a0\u00a0<\/strong>Acero 0.8 mm<\/p>\n<p><span style=\"color: #993366;\"><strong>PERFIL EXTERIOR:<\/strong><\/span>\u00a0 \u00a0 \u00a0 \u00a0 Aluminio anodizado \u00f3 lacado<\/p>\n<p><strong><span style=\"color: #993366;\">INTERIOR:\u00a0\u00a0<\/span>\u00a0 \u00a0 \u00a0 \u00a0 \u00a0 \u00a0 \u00a0 \u00a0 \u00a0 \u00a0 \u00a0 <\/strong>Lana de roca de 75 mm de espesor<\/p>\n<p><strong><span style=\"color: #993366;\">PANELES:\u00a0\u00a0<\/span>\u00a0 \u00a0 \u00a0 \u00a0 \u00a0 \u00a0 \u00a0 \u00a0 \u00a0 \u00a0 \u00a0 \u00a0\u00a0<\/strong>Todo tipo de paneles decorativos de 19 mm<\/p>\n<p><strong><span style=\"color: #993366;\">JUNTAS DE PANELES:<\/span>\u00a0\u00a0<\/strong>Entrecalles de 3 mm con perfil de aluminio<\/p>\n<p><strong><span style=\"color: #993366;\">VIDRIOS:\u00a0<\/span>\u00a0 \u00a0 \u00a0 \u00a0 \u00a0 \u00a0 \u00a0 \u00a0 \u00a0 \u00a0 \u00a0 \u00a0 \u00a0 \u00a0<\/strong>Vidrios doble o simples\u00a0 desde 3+3 hasta 8+8<\/p>\n<p><strong><span style=\"color: #993366;\">PUERTAS:\u00a0\u00a0\u00a0<\/span>\u00a0 \u00a0 \u00a0 \u00a0 \u00a0 \u00a0 \u00a0 \u00a0 \u00a0 \u00a0 \u00a0 \u00a0<\/strong>Ciegas, vidrio o mixtas, batientes, Correderas\u00a0 \u00a0 \u00a0 \u00a0 \u00a0 \u00a0 \u00a0 \u00a0 \u00a0 \u00a0 \u00a0 \u00a0 \u00a0 \u00a0 \u00a0 \u00a0 \u00a0 \u00a0 \u00a0 \u00a0 \u00a0 \u00a0 \u00a0 \u00a0 \u00a0 \u00a0 \u00a0 \u00a0 \u00a0 \u00a0 \u00a0 \u00a0 \u00a0 \u00a0 \u00a0 \u00a0 \u00a0 \u00a0 \u00a0 \u00a0 \u00a0 \u00a0 \u00a0 \u00a0 \u00a0 \u00a0 \u00a0 De 10,40, 50 \u00f3 113 mm de espesor.<\/p>\n<div id='gallery-1' class='gallery galleryid-275 gallery-columns-1 gallery-size-large'><figure class='gallery-item'>\n\t\t\t<div class='gallery-icon landscape'>\n\t\t\t\t<a href='https:\/\/k3k.biz\/index.php\/mampara-primacy\/foto-pri-7\/'><img loading=\"lazy\" decoding=\"async\" width=\"604\" height=\"404\" src=\"https:\/\/k3k.biz\/wp-content\/uploads\/2017\/03\/foto-pri-7-1024x685.jpg\" class=\"attachment-large size-large\" alt=\"\" srcset=\"https:\/\/k3k.biz\/wp-content\/uploads\/2017\/03\/foto-pri-7-1024x685.jpg 1024w, https:\/\/k3k.biz\/wp-content\/uploads\/2017\/03\/foto-pri-7-300x201.jpg 300w, https:\/\/k3k.biz\/wp-content\/uploads\/2017\/03\/foto-pri-7-768x514.jpg 768w, https:\/\/k3k.biz\/wp-content\/uploads\/2017\/03\/foto-pri-7.jpg 1536w\" sizes=\"auto, (max-width: 604px) 100vw, 604px\" \/><\/a>\n\t\t\t<\/div><\/figure><figure class='gallery-item'>\n\t\t\t<div class='gallery-icon landscape'>\n\t\t\t\t<a href='https:\/\/k3k.biz\/index.php\/mampara-primacy\/foto-pri-8\/'><img loading=\"lazy\" decoding=\"async\" width=\"604\" height=\"336\" src=\"https:\/\/k3k.biz\/wp-content\/uploads\/2017\/03\/foto-pri-8-1024x569.jpg\" class=\"attachment-large size-large\" alt=\"\" srcset=\"https:\/\/k3k.biz\/wp-content\/uploads\/2017\/03\/foto-pri-8.jpg 1024w, https:\/\/k3k.biz\/wp-content\/uploads\/2017\/03\/foto-pri-8-300x167.jpg 300w, https:\/\/k3k.biz\/wp-content\/uploads\/2017\/03\/foto-pri-8-768x427.jpg 768w\" sizes=\"auto, (max-width: 604px) 100vw, 604px\" \/><\/a>\n\t\t\t<\/div><\/figure><figure class='gallery-item'>\n\t\t\t<div class='gallery-icon landscape'>\n\t\t\t\t<a href='https:\/\/k3k.biz\/index.php\/mampara-primacy\/foto-pri-1\/'><img loading=\"lazy\" decoding=\"async\" width=\"604\" height=\"451\" src=\"https:\/\/k3k.biz\/wp-content\/uploads\/2017\/03\/foto-pri-1-1024x765.jpg\" class=\"attachment-large size-large\" alt=\"\" srcset=\"https:\/\/k3k.biz\/wp-content\/uploads\/2017\/03\/foto-pri-1-1024x765.jpg 1024w, https:\/\/k3k.biz\/wp-content\/uploads\/2017\/03\/foto-pri-1-300x224.jpg 300w, https:\/\/k3k.biz\/wp-content\/uploads\/2017\/03\/foto-pri-1-768x574.jpg 768w, https:\/\/k3k.biz\/wp-content\/uploads\/2017\/03\/foto-pri-1.jpg 1296w\" sizes=\"auto, (max-width: 604px) 100vw, 604px\" \/><\/a>\n\t\t\t<\/div><\/figure><figure class='gallery-item'>\n\t\t\t<div class='gallery-icon portrait'>\n\t\t\t\t<a href='https:\/\/k3k.biz\/index.php\/mampara-primacy\/foto-pri-2\/'><img loading=\"lazy\" decoding=\"async\" width=\"604\" height=\"808\" src=\"https:\/\/k3k.biz\/wp-content\/uploads\/2017\/03\/foto-pri-2-765x1024.jpg\" class=\"attachment-large size-large\" alt=\"\" srcset=\"https:\/\/k3k.biz\/wp-content\/uploads\/2017\/03\/foto-pri-2-765x1024.jpg 765w, https:\/\/k3k.biz\/wp-content\/uploads\/2017\/03\/foto-pri-2-224x300.jpg 224w, https:\/\/k3k.biz\/wp-content\/uploads\/2017\/03\/foto-pri-2-768x1028.jpg 768w, https:\/\/k3k.biz\/wp-content\/uploads\/2017\/03\/foto-pri-2.jpg 1936w\" sizes=\"auto, (max-width: 604px) 100vw, 604px\" \/><\/a>\n\t\t\t<\/div><\/figure><figure class='gallery-item'>\n\t\t\t<div class='gallery-icon landscape'>\n\t\t\t\t<a href='https:\/\/k3k.biz\/index.php\/mampara-primacy\/foto-pri-9\/'><img loading=\"lazy\" decoding=\"async\" width=\"604\" height=\"336\" src=\"https:\/\/k3k.biz\/wp-content\/uploads\/2017\/03\/foto-pri-9-1024x569.jpg\" class=\"attachment-large size-large\" alt=\"\" srcset=\"https:\/\/k3k.biz\/wp-content\/uploads\/2017\/03\/foto-pri-9.jpg 1024w, https:\/\/k3k.biz\/wp-content\/uploads\/2017\/03\/foto-pri-9-300x167.jpg 300w, https:\/\/k3k.biz\/wp-content\/uploads\/2017\/03\/foto-pri-9-768x427.jpg 768w\" sizes=\"auto, (max-width: 604px) 100vw, 604px\" \/><\/a>\n\t\t\t<\/div><\/figure><figure class='gallery-item'>\n\t\t\t<div class='gallery-icon landscape'>\n\t\t\t\t<a href='https:\/\/k3k.biz\/index.php\/mampara-primacy\/foto-pri-10\/'><img loading=\"lazy\" decoding=\"async\" width=\"604\" height=\"350\" src=\"https:\/\/k3k.biz\/wp-content\/uploads\/2017\/03\/foto-pri-10.jpg\" class=\"attachment-large size-large\" alt=\"\" srcset=\"https:\/\/k3k.biz\/wp-content\/uploads\/2017\/03\/foto-pri-10.jpg 782w, https:\/\/k3k.biz\/wp-content\/uploads\/2017\/03\/foto-pri-10-300x174.jpg 300w, https:\/\/k3k.biz\/wp-content\/uploads\/2017\/03\/foto-pri-10-768x445.jpg 768w\" sizes=\"auto, (max-width: 604px) 100vw, 604px\" \/><\/a>\n\t\t\t<\/div><\/figure><figure class='gallery-item'>\n\t\t\t<div class='gallery-icon landscape'>\n\t\t\t\t<a href='https:\/\/k3k.biz\/index.php\/mampara-primacy\/foto-pri-12\/'><img loading=\"lazy\" decoding=\"async\" width=\"600\" height=\"400\" src=\"https:\/\/k3k.biz\/wp-content\/uploads\/2017\/03\/foto-pri-12.jpg\" class=\"attachment-large size-large\" alt=\"\" srcset=\"https:\/\/k3k.biz\/wp-content\/uploads\/2017\/03\/foto-pri-12.jpg 600w, https:\/\/k3k.biz\/wp-content\/uploads\/2017\/03\/foto-pri-12-300x200.jpg 300w\" sizes=\"auto, (max-width: 600px) 100vw, 600px\" \/><\/a>\n\t\t\t<\/div><\/figure><figure class='gallery-item'>\n\t\t\t<div class='gallery-icon landscape'>\n\t\t\t\t<a href='https:\/\/k3k.biz\/index.php\/mampara-primacy\/foto-pri-3\/'><img loading=\"lazy\" decoding=\"async\" width=\"604\" height=\"451\" src=\"https:\/\/k3k.biz\/wp-content\/uploads\/2017\/03\/foto-pri-3-1024x765.jpg\" class=\"attachment-large size-large\" alt=\"\" srcset=\"https:\/\/k3k.biz\/wp-content\/uploads\/2017\/03\/foto-pri-3-1024x765.jpg 1024w, https:\/\/k3k.biz\/wp-content\/uploads\/2017\/03\/foto-pri-3-300x224.jpg 300w, https:\/\/k3k.biz\/wp-content\/uploads\/2017\/03\/foto-pri-3-768x574.jpg 768w\" sizes=\"auto, (max-width: 604px) 100vw, 604px\" \/><\/a>\n\t\t\t<\/div><\/figure>\n\t\t<\/div>\n\n<p>\u00a0<\/p>\n\n\n<figure class=\"wp-block-image is-resized\"><img loading=\"lazy\" decoding=\"async\" src=\"https:\/\/k3k.biz\/wp-content\/uploads\/2019\/10\/Primacy-2v-1.jpg\" alt=\"\" class=\"wp-image-637\" width=\"621\" height=\"388\" srcset=\"https:\/\/k3k.biz\/wp-content\/uploads\/2019\/10\/Primacy-2v-1.jpg 394w, https:\/\/k3k.biz\/wp-content\/uploads\/2019\/10\/Primacy-2v-1-300x187.jpg 300w\" sizes=\"auto, (max-width: 621px) 100vw, 621px\" \/><\/figure>\n\n\n\n<figure class=\"wp-block-image size-large is-resized\"><img loading=\"lazy\" decoding=\"async\" src=\"https:\/\/k3k.biz\/wp-content\/uploads\/2022\/12\/9d894c10-2adf-441c-b532-e627bbe2ee1b-1024x768.jpg\" alt=\"\" class=\"wp-image-661\" width=\"629\" height=\"471\" srcset=\"https:\/\/k3k.biz\/wp-content\/uploads\/2022\/12\/9d894c10-2adf-441c-b532-e627bbe2ee1b-1024x768.jpg 1024w, https:\/\/k3k.biz\/wp-content\/uploads\/2022\/12\/9d894c10-2adf-441c-b532-e627bbe2ee1b-300x225.jpg 300w, https:\/\/k3k.biz\/wp-content\/uploads\/2022\/12\/9d894c10-2adf-441c-b532-e627bbe2ee1b-768x576.jpg 768w, https:\/\/k3k.biz\/wp-content\/uploads\/2022\/12\/9d894c10-2adf-441c-b532-e627bbe2ee1b-1536x1152.jpg 1536w, https:\/\/k3k.biz\/wp-content\/uploads\/2022\/12\/9d894c10-2adf-441c-b532-e627bbe2ee1b.jpg 2000w\" sizes=\"auto, (max-width: 629px) 100vw, 629px\" \/><\/figure>\n","protected":false},"excerpt":{"rendered":"<p>A trav\u00e9s de la Mampara Divisoria PRIMACY, con perfiler\u00eda\u00a0 oculta, fabricada en aluminio y acero, con paneles o vidrio, conseguimos una distribuci\u00f3n inteligente de los espacios de trabajo. Las mamparas divisorias habilitan tanto zonas de que requieren privacidad como zonas que pueden ser trasparentes, logrando as\u00ed un incremento de la funcionalidad y una personalizaci\u00f3n est\u00e9tica &hellip; <a href=\"https:\/\/k3k.biz\/index.php\/mampara-primacy\/\" class=\"more-link\">Seguir leyendo <span class=\"screen-reader-text\">Mampara Primacy<\/span> <span class=\"meta-nav\">&rarr;<\/span><\/a><\/p>\n","protected":false},"author":1,"featured_media":0,"parent":0,"menu_order":0,"comment_status":"closed","ping_status":"closed","template":"","meta":{"footnotes":""},"class_list":["post-275","page","type-page","status-publish","hentry"],"_links":{"self":[{"href":"https:\/\/k3k.biz\/index.php\/wp-json\/wp\/v2\/pages\/275","targetHints":{"allow":["GET"]}}],"collection":[{"href":"https:\/\/k3k.biz\/index.php\/wp-json\/wp\/v2\/pages"}],"about":[{"href":"https:\/\/k3k.biz\/index.php\/wp-json\/wp\/v2\/types\/page"}],"author":[{"embeddable":true,"href":"https:\/\/k3k.biz\/index.php\/wp-json\/wp\/v2\/users\/1"}],"replies":[{"embeddable":true,"href":"https:\/\/k3k.biz\/index.php\/wp-json\/wp\/v2\/comments?post=275"}],"version-history":[{"count":8,"href":"https:\/\/k3k.biz\/index.php\/wp-json\/wp\/v2\/pages\/275\/revisions"}],"predecessor-version":[{"id":664,"href":"https:\/\/k3k.biz\/index.php\/wp-json\/wp\/v2\/pages\/275\/revisions\/664"}],"wp:attachment":[{"href":"https:\/\/k3k.biz\/index.php\/wp-json\/wp\/v2\/media?parent=275"}],"curies":[{"name":"wp","href":"https:\/\/api.w.org\/{rel}","templated":true}]}}